{"id":120,"date":"2020-03-06T20:00:29","date_gmt":"2020-03-06T19:00:29","guid":{"rendered":"https:\/\/www.cvilucenec.sk\/?page_id=120"},"modified":"2023-01-08T20:07:27","modified_gmt":"2023-01-08T19:07:27","slug":"kontakt","status":"publish","type":"page","link":"https:\/\/www.cvilucenec.sk\/?page_id=120","title":{"rendered":"Kontakt"},"content":{"rendered":"<div id=\"pl-gb120-69f37ddb90770\"  class=\"panel-layout\" ><div id=\"pg-gb120-69f37ddb90770-0\"  class=\"panel-grid panel-has-style\" ><div class=\"siteorigin-panels-stretch panel-row-style panel-row-style-for-gb120-69f37ddb90770-0\" data-stretch-type=\"full\" ><div id=\"pgc-gb120-69f37ddb90770-0-0\"  class=\"panel-grid-cell\" ><div id=\"panel-gb120-69f37ddb90770-0-0-0\" class=\"so-panel widget widget_sow-headline panel-first-child panel-last-child\" data-index=\"0\" ><div\n\t\t\t\n\t\t\tclass=\"so-widget-sow-headline so-widget-sow-headline-default-299d70f40e1f-120\"\n\t\t\t\n\t\t><div class=\"sow-headline-container \">\n\t\t\t\t\t\t\t<h5 class=\"sow-headline\">\n\t\t\t\t\t\tKde n\u00e1s n\u00e1jdete\t\t\t\t\t\t<\/h5>\n\t\t\t\t\t\t\t\t\t\t\t<div class=\"decoration\">\n\t\t\t\t\t\t<div class=\"decoration-inside\"><\/div>\n\t\t\t\t\t<\/div>\n\t\t\t\t\t<\/div>\n<\/div><\/div><\/div><div id=\"pgc-gb120-69f37ddb90770-0-1\"  class=\"panel-grid-cell\" ><div id=\"panel-gb120-69f37ddb90770-0-1-0\" class=\"so-panel widget panel-first-child panel-last-child\" data-index=\"1\" ><\/div><\/div><\/div><\/div><div id=\"pg-gb120-69f37ddb90770-1\"  class=\"panel-grid panel-has-style\" ><div class=\"siteorigin-panels-stretch panel-row-style panel-row-style-for-gb120-69f37ddb90770-1\" data-stretch-type=\"full\" ><div id=\"pgc-gb120-69f37ddb90770-1-0\"  class=\"panel-grid-cell\" ><div id=\"panel-gb120-69f37ddb90770-1-0-0\" class=\"so-panel widget widget_sow-editor panel-first-child\" data-index=\"2\" ><div\n\t\t\t\n\t\t\tclass=\"so-widget-sow-editor so-widget-sow-editor-base\"\n\t\t\t\n\t\t>\n<div class=\"siteorigin-widget-tinymce textwidget\">\n\t<p style=\"text-align: center;\"><strong>CENTRUM V\u010cASNEJ INTERVENCIE LU\u010cENEC<\/strong><\/p>\n<p style=\"text-align: center;\"><strong>Ulica \u0160t. Moyzesa 6099\/ 55, 984 01 Lu\u010denec<\/strong><\/p>\n<p style=\"text-align: center;\"><strong>telef\u00f3n: 0948 250 834 <\/strong><\/p>\n<p style=\"text-align: center;\"><strong>E-mail: vcasnaintervencia@cvilucenec.sk<\/strong><\/p>\n<\/div>\n<\/div><\/div><div id=\"panel-gb120-69f37ddb90770-1-0-1\" class=\"so-panel widget widget_sow-editor\" data-index=\"3\" ><div\n\t\t\t\n\t\t\tclass=\"so-widget-sow-editor so-widget-sow-editor-base\"\n\t\t\t\n\t\t>\n<div class=\"siteorigin-widget-tinymce textwidget\">\n\t<p style=\"text-align: center;\">Vznikli sme ako nov\u00e1 slu\u017eba registrovan\u00e1 v r\u00e1mci neziskovej organiz\u00e1cie<\/p>\n<p style=\"text-align: center;\">Alternat\u00edva-Centrum nez\u00e1visl\u00e9ho \u017eivota n.o.<\/p>\n<p style=\"text-align: center;\">Ulica \u0160t.Moyzesa 6099\/55 , 984 01 Lu\u010denec<\/p>\n<p style=\"text-align: center;\">I\u010cO: 50189786<\/p>\n<p style=\"text-align: center;\">DI\u010c: 2120372705<\/p>\n<\/div>\n<\/div><\/div><div id=\"panel-gb120-69f37ddb90770-1-0-2\" class=\"so-panel widget widget_sow-button panel-last-child\" data-index=\"4\" ><div\n\t\t\t\n\t\t\tclass=\"so-widget-sow-button so-widget-sow-button-atom-8dc6da44024d-120\"\n\t\t\t\n\t\t><div class=\"ow-button-base ow-button-align-center\"\n>\n\t\t\t<a\n\t\t\t\t\thref=\"http:\/\/www.cvilucenec.sk\/?page_id=222\"\n\t\t\t\t\tclass=\"sowb-button ow-icon-placement-left ow-button-hover\" target=\"_blank\" rel=\"noopener noreferrer\" \t>\n\t\t<span>\n\t\t\t<span class=\"sow-icon-fontawesome sow-fab\" data-sow-icon=\"&#xf2c6;\"\n\t\tstyle=\"color: #c5005c\" \n\t\taria-hidden=\"true\"><\/span>\n\t\t\tKontaktn\u00fd formul\u00e1r\t\t<\/span>\n\t\t\t<\/a>\n\t<\/div>\n<\/div><\/div><\/div><\/div><\/div><\/div>","protected":false},"excerpt":{"rendered":"<p>CENTRUM V\u010cASNEJ INTERVENCIE LU\u010cENEC Ulica \u0160t. Moyzesa 6099\/ 55, 984 01 Lu\u010denec telef\u00f3n: 0948 250 834 E-mail: vcasnaintervencia@cvilucenec.sk Vznikli sme ako nov\u00e1 slu\u017eba registrovan\u00e1 v r\u00e1mci neziskovej organiz\u00e1cie Alternat\u00edva-Centrum nez\u00e1visl\u00e9ho \u017eivota n.o. Ulica \u0160t.Moyzesa 6099\/55 , 984 01 Lu\u010denec I\u010cO: 50189786 DI\u010c: 2120372705<\/p>\n","protected":false},"author":1,"featured_media":0,"parent":0,"menu_order":0,"comment_status":"closed","ping_status":"closed","template":"","meta":{"footnotes":""},"class_list":["post-120","page","type-page","status-publish","hentry"],"_links":{"self":[{"href":"https:\/\/www.cvilucenec.sk\/index.php?rest_route=\/wp\/v2\/pages\/120","targetHints":{"allow":["GET"]}}],"collection":[{"href":"https:\/\/www.cvilucenec.sk\/index.php?rest_route=\/wp\/v2\/pages"}],"about":[{"href":"https:\/\/www.cvilucenec.sk\/index.php?rest_route=\/wp\/v2\/types\/page"}],"author":[{"embeddable":true,"href":"https:\/\/www.cvilucenec.sk\/index.php?rest_route=\/wp\/v2\/users\/1"}],"replies":[{"embeddable":true,"href":"https:\/\/www.cvilucenec.sk\/index.php?rest_route=%2Fwp%2Fv2%2Fcomments&post=120"}],"version-history":[{"count":9,"href":"https:\/\/www.cvilucenec.sk\/index.php?rest_route=\/wp\/v2\/pages\/120\/revisions"}],"predecessor-version":[{"id":467,"href":"https:\/\/www.cvilucenec.sk\/index.php?rest_route=\/wp\/v2\/pages\/120\/revisions\/467"}],"wp:attachment":[{"href":"https:\/\/www.cvilucenec.sk\/index.php?rest_route=%2Fwp%2Fv2%2Fmedia&parent=120"}],"curies":[{"name":"wp","href":"https:\/\/api.w.org\/{rel}","templated":true}]}}