{"id":122,"date":"2020-03-06T20:05:12","date_gmt":"2020-03-06T19:05:12","guid":{"rendered":"https:\/\/www.cvilucenec.sk\/?page_id=122"},"modified":"2020-03-21T21:26:43","modified_gmt":"2020-03-21T20:26:43","slug":"podporte-nas","status":"publish","type":"page","link":"http:\/\/www.cvilucenec.sk\/?page_id=122","title":{"rendered":"Ako n\u00e1s mo\u017eno podpori\u0165"},"content":{"rendered":"<div id=\"pl-gb122-69f63c1252a9d\"  class=\"panel-layout\" ><div id=\"pg-gb122-69f63c1252a9d-0\"  class=\"panel-grid panel-no-style\" ><div id=\"pgc-gb122-69f63c1252a9d-0-0\"  class=\"panel-grid-cell\" ><div id=\"panel-gb122-69f63c1252a9d-0-0-0\" class=\"so-panel widget widget_sow-headline panel-first-child panel-last-child\" data-index=\"0\" ><div\n\t\t\t\n\t\t\tclass=\"so-widget-sow-headline so-widget-sow-headline-default-c93d0ad5bdeb-122\"\n\t\t\t\n\t\t><div class=\"sow-headline-container \">\n\t\t\t\t\t\t\t<h4 class=\"sow-headline\">\n\t\t\t\t\t\t2 % z Va\u0161ich dan\u00ed\t\t\t\t\t\t<\/h4>\n\t\t\t\t\t\t<\/div>\n<\/div><\/div><\/div><div id=\"pgc-gb122-69f63c1252a9d-0-1\"  class=\"panel-grid-cell\" ><div id=\"panel-gb122-69f63c1252a9d-0-1-0\" class=\"so-panel widget widget_sow-editor panel-first-child panel-last-child\" data-index=\"1\" ><div\n\t\t\t\n\t\t\tclass=\"so-widget-sow-editor so-widget-sow-editor-base\"\n\t\t\t\n\t\t>\n<div class=\"siteorigin-widget-tinymce textwidget\">\n\t<p>Va\u0161e 2 % dok\u00e1\u017eu pom\u00f4c\u0165, aby rodiny so zdravotne postihnut\u00fdmi de\u0165mi v na\u0161om regi\u00f3ne \u017eili plnohodnotn\u00fd \u017eivot<\/p>\n<\/div>\n<\/div><\/div><\/div><\/div><div id=\"pg-gb122-69f63c1252a9d-1\"  class=\"panel-grid panel-no-style\" ><div id=\"pgc-gb122-69f63c1252a9d-1-0\"  class=\"panel-grid-cell\" ><div id=\"panel-gb122-69f63c1252a9d-1-0-0\" class=\"so-panel widget widget_sow-headline panel-first-child panel-last-child\" data-index=\"2\" ><div\n\t\t\t\n\t\t\tclass=\"so-widget-sow-headline so-widget-sow-headline-default-c93d0ad5bdeb-122\"\n\t\t\t\n\t\t><div class=\"sow-headline-container \">\n\t\t\t\t\t\t\t<h4 class=\"sow-headline\">\n\t\t\t\t\t\tFinan\u010dn\u00fd dar\t\t\t\t\t\t<\/h4>\n\t\t\t\t\t\t<\/div>\n<\/div><\/div><\/div><div id=\"pgc-gb122-69f63c1252a9d-1-1\"  class=\"panel-grid-cell\" ><div id=\"panel-gb122-69f63c1252a9d-1-1-0\" class=\"so-panel widget widget_sow-editor panel-first-child panel-last-child\" data-index=\"3\" ><div\n\t\t\t\n\t\t\tclass=\"so-widget-sow-editor so-widget-sow-editor-base\"\n\t\t\t\n\t\t>\n<div class=\"siteorigin-widget-tinymce textwidget\">\n\t<p>Vy sami sa rozhodnete, akou sumou chcete a m\u00f4\u017eete prispie\u0165. V\u00e1\u0161 dar m\u00f4\u017ee by\u0165 jednor\u00e1zov\u00fd alebo pravideln\u00fd.<\/p>\n<\/div>\n<\/div><\/div><\/div><\/div><div id=\"pg-gb122-69f63c1252a9d-2\"  class=\"panel-grid panel-no-style\" ><div id=\"pgc-gb122-69f63c1252a9d-2-0\"  class=\"panel-grid-cell\" ><div id=\"panel-gb122-69f63c1252a9d-2-0-0\" class=\"so-panel widget widget_sow-headline panel-first-child panel-last-child\" data-index=\"4\" ><div\n\t\t\t\n\t\t\tclass=\"so-widget-sow-headline so-widget-sow-headline-default-c93d0ad5bdeb-122\"\n\t\t\t\n\t\t><div class=\"sow-headline-container \">\n\t\t\t\t\t\t\t<h4 class=\"sow-headline\">\n\t\t\t\t\t\tVecn\u00fd dar\t\t\t\t\t\t<\/h4>\n\t\t\t\t\t\t<\/div>\n<\/div><\/div><\/div><div id=\"pgc-gb122-69f63c1252a9d-2-1\"  class=\"panel-grid-cell\" ><div id=\"panel-gb122-69f63c1252a9d-2-1-0\" class=\"so-panel widget widget_sow-editor panel-first-child panel-last-child\" data-index=\"5\" ><div\n\t\t\t\n\t\t\tclass=\"so-widget-sow-editor so-widget-sow-editor-base\"\n\t\t\t\n\t\t>\n<div class=\"siteorigin-widget-tinymce textwidget\">\n\t<p>Hra\u010dky, \u0161peci\u00e1lne pom\u00f4cky alebo in\u00fa materi\u00e1lnu v\u00fdpomoc vyu\u017eijeme v na\u0161om centre alebo pri stretnutiach s rodinami a de\u0165mi u nich doma<\/p>\n<\/div>\n<\/div><\/div><\/div><\/div><div id=\"pg-gb122-69f63c1252a9d-3\"  class=\"panel-grid panel-no-style\" ><div id=\"pgc-gb122-69f63c1252a9d-3-0\"  class=\"panel-grid-cell\" ><div id=\"panel-gb122-69f63c1252a9d-3-0-0\" class=\"so-panel widget widget_sow-headline panel-first-child panel-last-child\" data-index=\"6\" ><div\n\t\t\t\n\t\t\tclass=\"so-widget-sow-headline so-widget-sow-headline-default-c93d0ad5bdeb-122\"\n\t\t\t\n\t\t><div class=\"sow-headline-container \">\n\t\t\t\t\t\t\t<h4 class=\"sow-headline\">\n\t\t\t\t\t\tDobrovo\u013en\u00edcka pomoc\t\t\t\t\t\t<\/h4>\n\t\t\t\t\t\t<\/div>\n<\/div><\/div><\/div><div id=\"pgc-gb122-69f63c1252a9d-3-1\"  class=\"panel-grid-cell\" ><div id=\"panel-gb122-69f63c1252a9d-3-1-0\" class=\"so-panel widget widget_sow-editor panel-first-child panel-last-child\" data-index=\"7\" ><div\n\t\t\t\n\t\t\tclass=\"so-widget-sow-editor so-widget-sow-editor-base\"\n\t\t\t\n\t\t>\n<div class=\"siteorigin-widget-tinymce textwidget\">\n\t<p>Venujte svoj \u010das a sk\u00fasenosti. O konkr\u00e9tnej podobe a mo\u017enostiach sa s Vami radi porozpr\u00e1vame osobne<\/p>\n<\/div>\n<\/div><\/div><\/div><\/div><div id=\"pg-gb122-69f63c1252a9d-4\"  class=\"panel-grid panel-no-style\" ><div id=\"pgc-gb122-69f63c1252a9d-4-0\"  class=\"panel-grid-cell\" ><div id=\"panel-gb122-69f63c1252a9d-4-0-0\" class=\"so-panel widget widget_sow-headline panel-first-child panel-last-child\" data-index=\"8\" ><div\n\t\t\t\n\t\t\tclass=\"so-widget-sow-headline so-widget-sow-headline-default-c93d0ad5bdeb-122\"\n\t\t\t\n\t\t><div class=\"sow-headline-container \">\n\t\t\t\t\t\t\t<h4 class=\"sow-headline\">\n\t\t\t\t\t\tBenef\u00edcia\t\t\t\t\t\t<\/h4>\n\t\t\t\t\t\t<\/div>\n<\/div><\/div><\/div><div id=\"pgc-gb122-69f63c1252a9d-4-1\"  class=\"panel-grid-cell\" ><div id=\"panel-gb122-69f63c1252a9d-4-1-0\" class=\"so-panel widget widget_sow-editor panel-first-child panel-last-child\" data-index=\"9\" ><div\n\t\t\t\n\t\t\tclass=\"so-widget-sow-editor so-widget-sow-editor-base\"\n\t\t\t\n\t\t>\n<div class=\"siteorigin-widget-tinymce textwidget\">\n\t<p>V\u00fd\u0165a\u017eok z firemnej benef\u00edcie m\u00f4\u017eete darova\u0165. O konkr\u00e9tnej podobe a mo\u017enostiach sa s Vami radi porozpr\u00e1vame osobne<\/p>\n<\/div>\n<\/div><\/div><\/div><\/div><div id=\"pg-gb122-69f63c1252a9d-5\"  class=\"panel-grid panel-no-style\" ><div id=\"pgc-gb122-69f63c1252a9d-5-0\"  class=\"panel-grid-cell\" ><div id=\"panel-gb122-69f63c1252a9d-5-0-0\" class=\"so-panel widget widget_sow-headline panel-first-child panel-last-child\" data-index=\"10\" ><div\n\t\t\t\n\t\t\tclass=\"so-widget-sow-headline so-widget-sow-headline-default-c93d0ad5bdeb-122\"\n\t\t\t\n\t\t><div class=\"sow-headline-container \">\n\t\t\t\t\t\t\t<h4 class=\"sow-headline\">\n\t\t\t\t\t\tCharitat\u00edvna reklama\t\t\t\t\t\t<\/h4>\n\t\t\t\t\t\t<\/div>\n<\/div><\/div><\/div><div id=\"pgc-gb122-69f63c1252a9d-5-1\"  class=\"panel-grid-cell\" ><div id=\"panel-gb122-69f63c1252a9d-5-1-0\" class=\"so-panel widget widget_sow-editor panel-first-child panel-last-child\" data-index=\"11\" ><div\n\t\t\t\n\t\t\tclass=\"so-widget-sow-editor so-widget-sow-editor-base\"\n\t\t\t\n\t\t>\n<div class=\"siteorigin-widget-tinymce textwidget\">\n\t<p>Umiestnite Va\u0161e logo na na\u0161ej webovej str\u00e1nke.\u00a0 Poz\u00fdvame V\u00e1s k partnerstvu s nami. Fakt\u00faru za reklamu si m\u00f4\u017eete zar\u00e1ta\u0165 do v\u00fddavkov Va\u0161ej firmy.<\/p>\n<\/div>\n<\/div><\/div><\/div><\/div><div id=\"pg-gb122-69f63c1252a9d-6\"  class=\"panel-grid panel-no-style\" ><div id=\"pgc-gb122-69f63c1252a9d-6-0\"  class=\"panel-grid-cell\" ><div id=\"panel-gb122-69f63c1252a9d-6-0-0\" class=\"so-panel widget widget_sow-testimonials panel-first-child panel-last-child\" data-index=\"12\" ><div\n\t\t\t\n\t\t\tclass=\"so-widget-sow-testimonials so-widget-sow-testimonials-default-72922dd334a0-122\"\n\t\t\t\n\t\t><div class=\"sow-testimonials\">\n\t\t\t\t\t<div class=\"sow-testimonial-wrapper sow-user-left sow-layout-side\">\n\t\t\t<div class=\"sow-testimonial\">\n\t\t\t\t\n\t\t\t\t<div class=\"sow-testimonial-user\">\n\t\t\t\t\t\n\t\t\t\t\t<div class=\"sow-text\">\n\t\t\t\t\t\t\t\t\t\t\t\t\t<span class=\"sow-testimonial-name\"><strong><\/strong><\/span>\n\t\t\t\t\t\t\t\t\t\t\t\t\t\t\t\t\t\t\t\t\t\t\t\t\t\t\t\t\t<\/div>\n\t\t\t\t<\/div>\n\n\t\t\t\t\t\t\t\t\t<div class=\"sow-testimonial-text\">\n\t\t\t\t\t\t<p><\/p>\n<p style=\"text-align: center\">Ak\u00e1ko\u013evek Va\u0161a podpora prispeje k tomu,<\/p>\n<p style=\"text-align: center\">\u00a0aby rodiny s neoby\u010dajn\u00fdmi de\u0165mi naplno pre\u017e\u00edvali oby\u010dajn\u00e9 dni<\/p>\n<p><\/p>\n\t\t\t\t\t<\/div>\n\t\t\t\t\t\t\t<\/div>\n\t\t<\/div>\n\t<\/div>\n<\/div><\/div><\/div><\/div><\/div>","protected":false},"excerpt":{"rendered":"<p>Va\u0161e 2 % dok\u00e1\u017eu pom\u00f4c\u0165, aby rodiny so zdravotne postihnut\u00fdmi de\u0165mi v na\u0161om regi\u00f3ne \u017eili plnohodnotn\u00fd \u017eivot Vy sami sa rozhodnete, akou sumou chcete a m\u00f4\u017eete prispie\u0165. V\u00e1\u0161 dar m\u00f4\u017ee by\u0165 jednor\u00e1zov\u00fd alebo pravideln\u00fd.<\/p>\n","protected":false},"author":1,"featured_media":0,"parent":0,"menu_order":0,"comment_status":"closed","ping_status":"closed","template":"","meta":{"footnotes":""},"class_list":["post-122","page","type-page","status-publish","hentry"],"_links":{"self":[{"href":"http:\/\/www.cvilucenec.sk\/index.php?rest_route=\/wp\/v2\/pages\/122","targetHints":{"allow":["GET"]}}],"collection":[{"href":"http:\/\/www.cvilucenec.sk\/index.php?rest_route=\/wp\/v2\/pages"}],"about":[{"href":"http:\/\/www.cvilucenec.sk\/index.php?rest_route=\/wp\/v2\/types\/page"}],"author":[{"embeddable":true,"href":"http:\/\/www.cvilucenec.sk\/index.php?rest_route=\/wp\/v2\/users\/1"}],"replies":[{"embeddable":true,"href":"http:\/\/www.cvilucenec.sk\/index.php?rest_route=%2Fwp%2Fv2%2Fcomments&post=122"}],"version-history":[{"count":11,"href":"http:\/\/www.cvilucenec.sk\/index.php?rest_route=\/wp\/v2\/pages\/122\/revisions"}],"predecessor-version":[{"id":293,"href":"http:\/\/www.cvilucenec.sk\/index.php?rest_route=\/wp\/v2\/pages\/122\/revisions\/293"}],"wp:attachment":[{"href":"http:\/\/www.cvilucenec.sk\/index.php?rest_route=%2Fwp%2Fv2%2Fmedia&parent=122"}],"curies":[{"name":"wp","href":"https:\/\/api.w.org\/{rel}","templated":true}]}}